{"id":192,"date":"2021-05-01T09:24:20","date_gmt":"2021-05-01T07:24:20","guid":{"rendered":"http:\/\/casteljaves.com\/?page_id=192"},"modified":"2022-05-03T13:08:29","modified_gmt":"2022-05-03T11:08:29","slug":"the-life","status":"publish","type":"page","link":"https:\/\/casteljaves.com\/index.php\/the-life\/","title":{"rendered":"The Life"},"content":{"rendered":"\n<figure class=\"wp-block-image size-large\"><img loading=\"lazy\" decoding=\"async\" width=\"1024\" height=\"684\" src=\"http:\/\/casteljaves.com\/wp-content\/uploads\/2021\/05\/Cumbre-Grille-sans-numero-Correx-1024x684.jpg\" alt=\"\" class=\"wp-image-249\" srcset=\"https:\/\/casteljaves.com\/wp-content\/uploads\/2021\/05\/Cumbre-Grille-sans-numero-Correx-1024x684.jpg 1024w, https:\/\/casteljaves.com\/wp-content\/uploads\/2021\/05\/Cumbre-Grille-sans-numero-Correx-300x200.jpg 300w, https:\/\/casteljaves.com\/wp-content\/uploads\/2021\/05\/Cumbre-Grille-sans-numero-Correx-768x513.jpg 768w, https:\/\/casteljaves.com\/wp-content\/uploads\/2021\/05\/Cumbre-Grille-sans-numero-Correx-1536x1026.jpg 1536w, https:\/\/casteljaves.com\/wp-content\/uploads\/2021\/05\/Cumbre-Grille-sans-numero-Correx-2048x1368.jpg 2048w\" sizes=\"auto, (max-width: 767px) 89vw, (max-width: 1000px) 54vw, (max-width: 1071px) 543px, 580px\" \/><figcaption><em>Entrance gate<\/em><\/figcaption><\/figure>\n\n\n\n<p><\/p>\n\n\n\n<p>All windows are fitted with mosquito nets, although there are not many mosquitoes, we advise you to keep them down at all times and to close the central French window in the early evening.<\/p>\n\n\n\n<p class=\"has-medium-font-size\"><strong>Rooms<\/strong><\/p>\n\n\n\n<p>On arrival, the beds are made up with 2 different pillows. On each bed you will find embroidered pool towels and a set of 2 embroidered shower towels per person (one large, one small). If you have coloured hair, please use the old towels in the bathroom cupboards.<\/p>\n\n\n\n<p>If you are staying for a week, we have a washing machine and a dryer at your disposal. If you are staying for 2 weeks or more, please do not hesitate to ask for our cleaning ladies.<\/p>\n\n\n\n<p><em><strong>Kerala<\/strong><\/em><\/p>\n\n\n\n<div class=\"wp-block-image\"><figure class=\"aligncenter size-large\"><img loading=\"lazy\" decoding=\"async\" width=\"1024\" height=\"683\" src=\"http:\/\/casteljaves.com\/wp-content\/uploads\/2020\/11\/MG_6980-kerala-correx-1-1024x683.jpg\" alt=\"\" class=\"wp-image-150\" srcset=\"https:\/\/casteljaves.com\/wp-content\/uploads\/2020\/11\/MG_6980-kerala-correx-1-1024x683.jpg 1024w, https:\/\/casteljaves.com\/wp-content\/uploads\/2020\/11\/MG_6980-kerala-correx-1-300x200.jpg 300w, https:\/\/casteljaves.com\/wp-content\/uploads\/2020\/11\/MG_6980-kerala-correx-1-768x512.jpg 768w, https:\/\/casteljaves.com\/wp-content\/uploads\/2020\/11\/MG_6980-kerala-correx-1-1536x1024.jpg 1536w, https:\/\/casteljaves.com\/wp-content\/uploads\/2020\/11\/MG_6980-kerala-correx-1-2048x1365.jpg 2048w\" sizes=\"auto, (max-width: 767px) 89vw, (max-width: 1000px) 54vw, (max-width: 1071px) 543px, 580px\" \/><figcaption>Kerala suite bedroom<\/figcaption><\/figure><\/div>\n\n\n\n<p>A white, west-facing master suite with a 180\u00d7200 double bed and benefiting from built-in wardrobes, a small night hall and a large en-suite bathroom.<\/p>\n\n\n\n<p><em><strong>Ja\u00efpur<\/strong><\/em><\/p>\n\n\n\n<div class=\"wp-block-image\"><figure class=\"aligncenter size-large\"><img loading=\"lazy\" decoding=\"async\" width=\"1024\" height=\"683\" src=\"http:\/\/casteljaves.com\/wp-content\/uploads\/2020\/11\/MG_6946-correx-1024x683.jpg\" alt=\"\" class=\"wp-image-167\" srcset=\"https:\/\/casteljaves.com\/wp-content\/uploads\/2020\/11\/MG_6946-correx-1024x683.jpg 1024w, https:\/\/casteljaves.com\/wp-content\/uploads\/2020\/11\/MG_6946-correx-300x200.jpg 300w, https:\/\/casteljaves.com\/wp-content\/uploads\/2020\/11\/MG_6946-correx-768x512.jpg 768w, https:\/\/casteljaves.com\/wp-content\/uploads\/2020\/11\/MG_6946-correx-1536x1024.jpg 1536w, https:\/\/casteljaves.com\/wp-content\/uploads\/2020\/11\/MG_6946-correx-2048x1365.jpg 2048w\" sizes=\"auto, (max-width: 767px) 89vw, (max-width: 1000px) 54vw, (max-width: 1071px) 543px, 580px\" \/><figcaption>Chambre Ja\u00efpur<\/figcaption><\/figure><\/div>\n\n\n\n<p>Spacious room in silver mother-of-pearl tones, facing north, with two 90\u00d7200 single beds that can be linked to make a double bed, and large built-in wardrobes.&nbsp;<\/p>\n\n\n\n<p>The sheets are white cotton Percale with a grey line.<\/p>\n\n\n\n<p><em><strong>Himalaya<\/strong><\/em><\/p>\n\n\n\n<div class=\"wp-block-image\"><figure class=\"aligncenter size-large\"><img loading=\"lazy\" decoding=\"async\" width=\"1024\" height=\"683\" src=\"http:\/\/casteljaves.com\/wp-content\/uploads\/2020\/11\/MG_6801-Himalaya-correx-1024x683.jpg\" alt=\"\" class=\"wp-image-152\" srcset=\"https:\/\/casteljaves.com\/wp-content\/uploads\/2020\/11\/MG_6801-Himalaya-correx-1024x683.jpg 1024w, https:\/\/casteljaves.com\/wp-content\/uploads\/2020\/11\/MG_6801-Himalaya-correx-300x200.jpg 300w, https:\/\/casteljaves.com\/wp-content\/uploads\/2020\/11\/MG_6801-Himalaya-correx-768x512.jpg 768w, https:\/\/casteljaves.com\/wp-content\/uploads\/2020\/11\/MG_6801-Himalaya-correx-1536x1024.jpg 1536w, https:\/\/casteljaves.com\/wp-content\/uploads\/2020\/11\/MG_6801-Himalaya-correx-2048x1365.jpg 2048w\" sizes=\"auto, (max-width: 767px) 89vw, (max-width: 1000px) 54vw, (max-width: 1071px) 543px, 580px\" \/><figcaption>Chambre Himalaya<\/figcaption><\/figure><\/div>\n\n\n\n<p>A warm woodland room, east facing, with two 90\u00d7200 single beds that can be linked to make a double bed and large built-in wardrobes.<\/p>\n\n\n\n<p>Under the bed there are also two warm duvets, if required, which clip on to the existing ones.<\/p>\n\n\n\n<p>The sheets are white cotton Percale with a cream line.<\/p>\n\n\n\n<p><em><strong>Sofa-Bed Living room<\/strong><\/em><\/p>\n\n\n\n<div class=\"wp-block-image\"><figure class=\"aligncenter size-large\"><img loading=\"lazy\" decoding=\"async\" width=\"1024\" height=\"768\" src=\"http:\/\/casteljaves.com\/wp-content\/uploads\/2022\/05\/salon-profil-1024x768.jpeg\" alt=\"\" class=\"wp-image-274\" srcset=\"https:\/\/casteljaves.com\/wp-content\/uploads\/2022\/05\/salon-profil-1024x768.jpeg 1024w, https:\/\/casteljaves.com\/wp-content\/uploads\/2022\/05\/salon-profil-300x225.jpeg 300w, https:\/\/casteljaves.com\/wp-content\/uploads\/2022\/05\/salon-profil-768x576.jpeg 768w, https:\/\/casteljaves.com\/wp-content\/uploads\/2022\/05\/salon-profil-1536x1152.jpeg 1536w, https:\/\/casteljaves.com\/wp-content\/uploads\/2022\/05\/salon-profil-2048x1536.jpeg 2048w\" sizes=\"auto, (max-width: 767px) 89vw, (max-width: 1000px) 54vw, (max-width: 1071px) 543px, 580px\" \/><figcaption>Living room in white washed linen<\/figcaption><\/figure><\/div>\n\n\n\n<p>In the indo-chic decorated living room, there is a three-seater sofa bed in the living room with a 150\u00d7200 cm bed, a five-seater sofa and all the comfort you may need.<\/p>\n\n\n\n<p>Si vous d\u00e9sirez utiliser ce canap\u00e9-lit, veuillez nous pr\u00e9venir afin que nous le pr\u00e9parions avec les oreillers et les draps ad\u00e9quats, et que nous vous fournissions les sets d\u2019essuies de bain (grand, petit) ainsi que les serviettes de piscine.<\/p>\n\n\n\n<p><strong>Bathrooms&nbsp;<\/strong><\/p>\n\n\n\n<p><em>Kutch<\/em><\/p>\n\n\n\n<figure class=\"wp-block-image\"><img loading=\"lazy\" decoding=\"async\" width=\"768\" height=\"1024\" src=\"http:\/\/casteljaves.com\/wp-content\/uploads\/2019\/12\/IMG_6102-e1576577813231-768x1024.jpg\" alt=\"\" class=\"wp-image-69\" srcset=\"https:\/\/casteljaves.com\/wp-content\/uploads\/2019\/12\/IMG_6102-e1576577813231-768x1024.jpg 768w, https:\/\/casteljaves.com\/wp-content\/uploads\/2019\/12\/IMG_6102-e1576577813231-225x300.jpg 225w\" sizes=\"auto, (max-width: 767px) 89vw, (max-width: 1000px) 54vw, (max-width: 1071px) 543px, 580px\" \/><\/figure>\n\n\n\n<p>Bathroom of the master bedroom.<\/p>\n\n\n\n<p>Bathroom with 2 sinks, a nice bath\/shower, a bidet and a toilet.<\/p>\n\n\n\n<h3 class=\"wp-block-heading\"><em>Thar<\/em><\/h3>\n\n\n\n<div class=\"wp-block-image\"><figure class=\"aligncenter\"><img loading=\"lazy\" decoding=\"async\" width=\"768\" height=\"1024\" src=\"http:\/\/casteljaves.com\/wp-content\/uploads\/2019\/12\/IMG_6100-e1576577849734-768x1024.jpg\" alt=\"\" class=\"wp-image-71\" srcset=\"https:\/\/casteljaves.com\/wp-content\/uploads\/2019\/12\/IMG_6100-e1576577849734-768x1024.jpg 768w, https:\/\/casteljaves.com\/wp-content\/uploads\/2019\/12\/IMG_6100-e1576577849734-225x300.jpg 225w\" sizes=\"auto, (max-width: 767px) 89vw, (max-width: 1000px) 54vw, (max-width: 1071px) 543px, 580px\" \/><\/figure><\/div>\n\n\n\n<p>Bathroom between two bedrooms.<\/p>\n\n\n\n<p>Bathroom with 2 sinks, a nice bathtub, a large shower and a toilet.<\/p>\n\n\n\n<p><strong>Living room<\/strong><\/p>\n\n\n\n<figure class=\"wp-block-image size-large\"><img loading=\"lazy\" decoding=\"async\" width=\"1024\" height=\"768\" src=\"http:\/\/casteljaves.com\/wp-content\/uploads\/2022\/05\/Chicha-1024x768.jpeg\" alt=\"\" class=\"wp-image-296\" srcset=\"https:\/\/casteljaves.com\/wp-content\/uploads\/2022\/05\/Chicha-1024x768.jpeg 1024w, https:\/\/casteljaves.com\/wp-content\/uploads\/2022\/05\/Chicha-300x225.jpeg 300w, https:\/\/casteljaves.com\/wp-content\/uploads\/2022\/05\/Chicha-768x576.jpeg 768w, https:\/\/casteljaves.com\/wp-content\/uploads\/2022\/05\/Chicha-1536x1152.jpeg 1536w, https:\/\/casteljaves.com\/wp-content\/uploads\/2022\/05\/Chicha-2048x1536.jpeg 2048w\" sizes=\"auto, (max-width: 767px) 89vw, (max-width: 1000px) 54vw, (max-width: 1071px) 543px, 580px\" \/><\/figure>\n\n\n\n<p>Large living room with two large sofas for 8 people, one of which is convertible.<\/p>\n\n\n\n<figure class=\"wp-block-image size-large\"><img loading=\"lazy\" decoding=\"async\" width=\"1024\" height=\"768\" src=\"http:\/\/casteljaves.com\/wp-content\/uploads\/2022\/05\/salon-coin-ok._3566-1024x768.jpeg\" alt=\"\" class=\"wp-image-288\" srcset=\"https:\/\/casteljaves.com\/wp-content\/uploads\/2022\/05\/salon-coin-ok._3566-1024x768.jpeg 1024w, https:\/\/casteljaves.com\/wp-content\/uploads\/2022\/05\/salon-coin-ok._3566-300x225.jpeg 300w, https:\/\/casteljaves.com\/wp-content\/uploads\/2022\/05\/salon-coin-ok._3566-768x576.jpeg 768w, https:\/\/casteljaves.com\/wp-content\/uploads\/2022\/05\/salon-coin-ok._3566-1536x1152.jpeg 1536w, https:\/\/casteljaves.com\/wp-content\/uploads\/2022\/05\/salon-coin-ok._3566-2048x1536.jpeg 2048w\" sizes=\"auto, (max-width: 767px) 89vw, (max-width: 1000px) 54vw, (max-width: 1071px) 543px, 580px\" \/><figcaption>Comfortably equipped living room<\/figcaption><\/figure>\n\n\n\n<p>Large flat screen TV via satellite, internet connection via WiFi, air quality control, smoke detectors, weather station,&#8230;<\/p>\n\n\n\n<p>Large bay window.<\/p>\n\n\n\n<p><\/p>\n\n\n\n<p><strong>Dining room<\/strong><\/p>\n\n\n\n<figure class=\"wp-block-image size-large\"><img loading=\"lazy\" decoding=\"async\" width=\"1024\" height=\"768\" src=\"http:\/\/casteljaves.com\/wp-content\/uploads\/2022\/05\/SAM-ok-PL-1024x768.jpeg\" alt=\"\" class=\"wp-image-286\" srcset=\"https:\/\/casteljaves.com\/wp-content\/uploads\/2022\/05\/SAM-ok-PL-1024x768.jpeg 1024w, https:\/\/casteljaves.com\/wp-content\/uploads\/2022\/05\/SAM-ok-PL-300x225.jpeg 300w, https:\/\/casteljaves.com\/wp-content\/uploads\/2022\/05\/SAM-ok-PL-768x576.jpeg 768w, https:\/\/casteljaves.com\/wp-content\/uploads\/2022\/05\/SAM-ok-PL-1536x1152.jpeg 1536w, https:\/\/casteljaves.com\/wp-content\/uploads\/2022\/05\/SAM-ok-PL-2048x1536.jpeg 2048w\" sizes=\"auto, (max-width: 767px) 89vw, (max-width: 1000px) 54vw, (max-width: 1071px) 543px, 580px\" \/><figcaption>Dining room with views of the park and the sea<\/figcaption><\/figure>\n\n\n\n<p>Very bright dining room with views of the reserve and the swimming pool, and a large table for 8 people.<\/p>\n\n\n\n<p><strong>Kitchen<\/strong><\/p>\n\n\n\n<figure class=\"wp-block-image size-large\"><img loading=\"lazy\" decoding=\"async\" width=\"1024\" height=\"768\" src=\"http:\/\/casteljaves.com\/wp-content\/uploads\/2022\/05\/cuisine-ok-1024x768.jpeg\" alt=\"\" class=\"wp-image-295\" srcset=\"https:\/\/casteljaves.com\/wp-content\/uploads\/2022\/05\/cuisine-ok-1024x768.jpeg 1024w, https:\/\/casteljaves.com\/wp-content\/uploads\/2022\/05\/cuisine-ok-300x225.jpeg 300w, https:\/\/casteljaves.com\/wp-content\/uploads\/2022\/05\/cuisine-ok-768x576.jpeg 768w, https:\/\/casteljaves.com\/wp-content\/uploads\/2022\/05\/cuisine-ok-1536x1152.jpeg 1536w, https:\/\/casteljaves.com\/wp-content\/uploads\/2022\/05\/cuisine-ok-2048x1536.jpeg 2048w\" sizes=\"auto, (max-width: 767px) 89vw, (max-width: 1000px) 54vw, (max-width: 1071px) 543px, 580px\" \/><\/figure>\n\n\n\n<p>Nice open kitchen with 4 ceramic hobs, oven, microwave, large fridge with freezer, dishwasher, washing machine, coffee machine, electric kettle,&#8230; services of 12 sets.<\/p>\n","protected":false},"excerpt":{"rendered":"<p>All windows are fitted with mosquito nets, although there are not many mosquitoes, we advise you to keep them down at all times and to close the central French window in the early evening. Rooms On arrival, the beds are made up with 2 different pillows. On each bed you will find embroidered pool towels &hellip; <\/p>\n<p class=\"link-more\"><a href=\"https:\/\/casteljaves.com\/index.php\/the-life\/\" class=\"more-link\">Continuer la lecture<span class=\"screen-reader-text\"> de &laquo;&nbsp;The Life&nbsp;&raquo;<\/span><\/a><\/p>\n","protected":false},"author":1,"featured_media":0,"parent":0,"menu_order":0,"comment_status":"closed","ping_status":"closed","template":"","meta":{"footnotes":""},"class_list":["post-192","page","type-page","status-publish","hentry"],"_links":{"self":[{"href":"https:\/\/casteljaves.com\/index.php\/wp-json\/wp\/v2\/pages\/192","targetHints":{"allow":["GET"]}}],"collection":[{"href":"https:\/\/casteljaves.com\/index.php\/wp-json\/wp\/v2\/pages"}],"about":[{"href":"https:\/\/casteljaves.com\/index.php\/wp-json\/wp\/v2\/types\/page"}],"author":[{"embeddable":true,"href":"https:\/\/casteljaves.com\/index.php\/wp-json\/wp\/v2\/users\/1"}],"replies":[{"embeddable":true,"href":"https:\/\/casteljaves.com\/index.php\/wp-json\/wp\/v2\/comments?post=192"}],"version-history":[{"count":6,"href":"https:\/\/casteljaves.com\/index.php\/wp-json\/wp\/v2\/pages\/192\/revisions"}],"predecessor-version":[{"id":324,"href":"https:\/\/casteljaves.com\/index.php\/wp-json\/wp\/v2\/pages\/192\/revisions\/324"}],"wp:attachment":[{"href":"https:\/\/casteljaves.com\/index.php\/wp-json\/wp\/v2\/media?parent=192"}],"curies":[{"name":"wp","href":"https:\/\/api.w.org\/{rel}","templated":true}]}}