{"id":198,"date":"2021-05-01T09:26:08","date_gmt":"2021-05-01T07:26:08","guid":{"rendered":"http:\/\/casteljaves.com\/?page_id=198"},"modified":"2022-05-03T13:00:51","modified_gmt":"2022-05-03T11:00:51","slug":"presentacion","status":"publish","type":"page","link":"https:\/\/casteljaves.com\/index.php\/presentacion\/","title":{"rendered":"Presentaci\u00f3n"},"content":{"rendered":"\n<figure class=\"wp-block-image is-resized\"><img loading=\"lazy\" decoding=\"async\" src=\"http:\/\/casteljaves.com\/wp-content\/uploads\/2019\/09\/image.png\" alt=\"\" class=\"wp-image-13\" width=\"644\" height=\"446\" srcset=\"https:\/\/casteljaves.com\/wp-content\/uploads\/2019\/09\/image.png 380w, https:\/\/casteljaves.com\/wp-content\/uploads\/2019\/09\/image-300x208.png 300w\" sizes=\"auto, (max-width: 644px) 100vw, 644px\" \/><figcaption>Cala del Moraig<\/figcaption><\/figure>\n\n\n\n<p>Castel JAVES es una villa de estilo finca espa\u00f1ola, situada en el borde de la reserva natural del Parque de la Granadella, en la Urbanizaci\u00f3n de la Cumbre del Sol, que se encuentra en las alturas de Benitachell entre Javea y Moraira, en la provincia de Alicante.<\/p>\n\n\n\n<figure class=\"wp-block-image\"><img loading=\"lazy\" decoding=\"async\" width=\"1024\" height=\"683\" src=\"http:\/\/casteljaves.com\/wp-content\/uploads\/2020\/10\/MG_6872-1-1024x683.jpeg\" alt=\"\" class=\"wp-image-118\" srcset=\"https:\/\/casteljaves.com\/wp-content\/uploads\/2020\/10\/MG_6872-1-1024x683.jpeg 1024w, https:\/\/casteljaves.com\/wp-content\/uploads\/2020\/10\/MG_6872-1-300x200.jpeg 300w, https:\/\/casteljaves.com\/wp-content\/uploads\/2020\/10\/MG_6872-1-768x512.jpeg 768w\" sizes=\"auto, (max-width: 767px) 89vw, (max-width: 1000px) 54vw, (max-width: 1071px) 543px, 580px\" \/><figcaption>Vista Este<\/figcaption><\/figure>\n\n\n\n<p>La Villa de cuatro frentes est\u00e1 enteramente en un nivel y tiene una disposici\u00f3n hermosa y c\u00f3moda. Los interiores son muy luminosos y tienen muchas ventanas grandes. Las instalaciones son completas y modernas.&nbsp;&nbsp;El entorno exterior se mantiene con regularidad y las instalaciones exteriores son numerosas y c\u00f3modas.<\/p>\n\n\n\n<p><em><strong>Descripci\u00f3n interior<\/strong><\/em><\/p>\n\n\n\n<figure class=\"wp-block-image\"><img loading=\"lazy\" decoding=\"async\" width=\"768\" height=\"1024\" src=\"http:\/\/casteljaves.com\/wp-content\/uploads\/2019\/12\/IMG_7700-e1576578396420-768x1024.jpg\" alt=\"\" class=\"wp-image-86\" srcset=\"https:\/\/casteljaves.com\/wp-content\/uploads\/2019\/12\/IMG_7700-e1576578396420-768x1024.jpg 768w, https:\/\/casteljaves.com\/wp-content\/uploads\/2019\/12\/IMG_7700-e1576578396420-225x300.jpg 225w\" sizes=\"auto, (max-width: 767px) 89vw, (max-width: 1000px) 54vw, (max-width: 1071px) 543px, 580px\" \/><figcaption>Inspirati\u00f3n Zen<\/figcaption><\/figure>\n\n\n\n<p>La Finca Castel JAVES dispone de todas las comodidades para una estancia excepcional en la Villa : 1 dormitorio grande con cama de matrimonio, 2 dormitorios con dos camas individuales, con un colch\u00f3n extra en cada habitaci\u00f3n y dos camas en un buen sof\u00e1 cama, 2 ba\u00f1os, 2 aseos, un gran sal\u00f3n, una cocina, un comedor, con una vista impresionante del parque y el mar. La villa puede alojar entre 6 y 10 personas.<\/p>\n\n\n\n<p>Les \u00e9quipements mis \u00e0 disposition sont d\u00e9taill\u00e9s dans les prochaines pages.<\/p>\n\n\n\n<p>Votre Paradis pour les prochains jours\u2026<br><br><\/p>\n\n\n\n<p><em><strong>Entorno exterior<\/strong><\/em><\/p>\n\n\n\n<div class=\"wp-block-image\"><figure class=\"aligncenter size-large\"><img loading=\"lazy\" decoding=\"async\" width=\"1024\" height=\"683\" src=\"http:\/\/casteljaves.com\/wp-content\/uploads\/2020\/11\/MG_6934-correx-ciel-1024x683.jpg\" alt=\"\" class=\"wp-image-144\" srcset=\"https:\/\/casteljaves.com\/wp-content\/uploads\/2020\/11\/MG_6934-correx-ciel-1024x683.jpg 1024w, https:\/\/casteljaves.com\/wp-content\/uploads\/2020\/11\/MG_6934-correx-ciel-300x200.jpg 300w, https:\/\/casteljaves.com\/wp-content\/uploads\/2020\/11\/MG_6934-correx-ciel-768x512.jpg 768w, https:\/\/casteljaves.com\/wp-content\/uploads\/2020\/11\/MG_6934-correx-ciel-1536x1024.jpg 1536w, https:\/\/casteljaves.com\/wp-content\/uploads\/2020\/11\/MG_6934-correx-ciel-2048x1365.jpg 2048w\" sizes=\"auto, (max-width: 767px) 89vw, (max-width: 1000px) 54vw, (max-width: 1071px) 543px, 580px\" \/><figcaption>Vista sobre la Reserva y el mar<\/figcaption><\/figure><\/div>\n\n\n\n<p><strong>Vista al mar <\/strong>: Desde el jard\u00edn, disfrutamos de una hermosa vista al mar sobre la reserva de la Granadella con vistas, si el tiempo lo permite, a Ibiza que est\u00e1 a dos horas en barco.           La villa est\u00e1 a cinco minutos de la playa de Cala Moraig, y disfrutamos de una vista de las monta\u00f1as circundantes.<\/p>\n\n\n\n<div class=\"wp-block-image\"><figure class=\"aligncenter\"><img loading=\"lazy\" decoding=\"async\" width=\"1024\" height=\"768\" src=\"http:\/\/casteljaves.com\/wp-content\/uploads\/2019\/12\/IMG_2561-1024x768.jpg\" alt=\"\" class=\"wp-image-56\" srcset=\"https:\/\/casteljaves.com\/wp-content\/uploads\/2019\/12\/IMG_2561-1024x768.jpg 1024w, https:\/\/casteljaves.com\/wp-content\/uploads\/2019\/12\/IMG_2561-300x225.jpg 300w, https:\/\/casteljaves.com\/wp-content\/uploads\/2019\/12\/IMG_2561-768x576.jpg 768w\" sizes=\"auto, (max-width: 767px) 89vw, (max-width: 1000px) 54vw, (max-width: 1071px) 543px, 580px\" \/><figcaption>Parque de la Granadella<\/figcaption><\/figure><\/div>\n\n\n\n<p><strong>Reserva de la Granadella&nbsp;<\/strong>: La parte oriental de la casa linda con la Reserva Natural del Parque de la Granadella, un pinar de 750 hect\u00e1reas declarado Zona de Especial Protecci\u00f3n para las Aves.<\/p>\n\n\n\n<div class=\"wp-block-image\"><figure class=\"aligncenter\"><img loading=\"lazy\" decoding=\"async\" width=\"1024\" height=\"768\" src=\"http:\/\/casteljaves.com\/wp-content\/uploads\/2019\/12\/IMG_6179-1024x768.jpg\" alt=\"\" class=\"wp-image-58\" srcset=\"https:\/\/casteljaves.com\/wp-content\/uploads\/2019\/12\/IMG_6179-1024x768.jpg 1024w, https:\/\/casteljaves.com\/wp-content\/uploads\/2019\/12\/IMG_6179-300x225.jpg 300w, https:\/\/casteljaves.com\/wp-content\/uploads\/2019\/12\/IMG_6179-768x576.jpg 768w\" sizes=\"auto, (max-width: 767px) 89vw, (max-width: 1000px) 54vw, (max-width: 1071px) 543px, 580px\" \/><figcaption>Piscina privada<\/figcaption><\/figure><\/div>\n\n\n\n<p><strong>Piscina Privada&nbsp;<\/strong>: Una gran piscina privada de 10 x 5 metros con una entrada suave a trav\u00e9s de cuatro escalones.<\/p>\n\n\n\n<p><strong>Ocho camas de piscina<\/strong> y toallas adecuadas se proporcionan.&nbsp;<\/p>\n\n\n\n<p><strong>Terrazas<\/strong>\u00a0: La casa tiene una bonita terraza cubierta de m\u00e1s de 35 m2, otra terraza soleada alrededor de la piscina de unos 50 m2, y una terraza superior con cocina exterior de 30 m2.<\/p>\n\n\n\n<figure class=\"wp-block-image size-large\"><img loading=\"lazy\" decoding=\"async\" width=\"1024\" height=\"768\" src=\"http:\/\/casteljaves.com\/wp-content\/uploads\/2022\/05\/Terrasse-1024x768.jpeg\" alt=\"\" class=\"wp-image-291\" srcset=\"https:\/\/casteljaves.com\/wp-content\/uploads\/2022\/05\/Terrasse-1024x768.jpeg 1024w, https:\/\/casteljaves.com\/wp-content\/uploads\/2022\/05\/Terrasse-300x225.jpeg 300w, https:\/\/casteljaves.com\/wp-content\/uploads\/2022\/05\/Terrasse-768x576.jpeg 768w, https:\/\/casteljaves.com\/wp-content\/uploads\/2022\/05\/Terrasse-1536x1152.jpeg 1536w, https:\/\/casteljaves.com\/wp-content\/uploads\/2022\/05\/Terrasse-2048x1536.jpeg 2048w\" sizes=\"auto, (max-width: 767px) 89vw, (max-width: 1000px) 54vw, (max-width: 1071px) 543px, 580px\" \/><\/figure>\n\n\n\n<div class=\"wp-block-image\"><figure class=\"aligncenter\"><img loading=\"lazy\" decoding=\"async\" width=\"1024\" height=\"683\" src=\"http:\/\/casteljaves.com\/wp-content\/uploads\/2020\/10\/MG_6876-1024x683.jpeg\" alt=\"\" class=\"wp-image-122\" srcset=\"https:\/\/casteljaves.com\/wp-content\/uploads\/2020\/10\/MG_6876-1024x683.jpeg 1024w, https:\/\/casteljaves.com\/wp-content\/uploads\/2020\/10\/MG_6876-300x200.jpeg 300w, https:\/\/casteljaves.com\/wp-content\/uploads\/2020\/10\/MG_6876-768x512.jpeg 768w\" sizes=\"auto, (max-width: 767px) 89vw, (max-width: 1000px) 54vw, (max-width: 1071px) 543px, 580px\" \/><figcaption>Cocina exterior<\/figcaption><\/figure><\/div>\n\n\n\n<p><strong>Cocina ext\u00e9rior<\/strong> : Una preciosa cocina exterior equipada con una Plancha, una Barbacoa de gas profesional, un paellero, una nevera y una m\u00e1quina de hielo.<\/p>\n\n\n\n<figure class=\"wp-block-image size-large\"><img loading=\"lazy\" decoding=\"async\" width=\"768\" height=\"1024\" src=\"http:\/\/casteljaves.com\/wp-content\/uploads\/2020\/11\/IMG_1624-768x1024.jpg\" alt=\"\" class=\"wp-image-155\" srcset=\"https:\/\/casteljaves.com\/wp-content\/uploads\/2020\/11\/IMG_1624-768x1024.jpg 768w, https:\/\/casteljaves.com\/wp-content\/uploads\/2020\/11\/IMG_1624-225x300.jpg 225w, https:\/\/casteljaves.com\/wp-content\/uploads\/2020\/11\/IMG_1624-1152x1536.jpg 1152w, https:\/\/casteljaves.com\/wp-content\/uploads\/2020\/11\/IMG_1624-1536x2048.jpg 1536w, https:\/\/casteljaves.com\/wp-content\/uploads\/2020\/11\/IMG_1624-scaled.jpg 1920w\" sizes=\"auto, (max-width: 767px) 89vw, (max-width: 1000px) 54vw, (max-width: 1071px) 543px, 580px\" \/><\/figure>\n\n\n\n<figure class=\"wp-block-image is-resized\"><img loading=\"lazy\" decoding=\"async\" src=\"http:\/\/casteljaves.com\/wp-content\/uploads\/2020\/10\/MG_6859-1024x683.jpeg\" alt=\"\" class=\"wp-image-119\" width=\"674\" height=\"449\" srcset=\"https:\/\/casteljaves.com\/wp-content\/uploads\/2020\/10\/MG_6859-1024x683.jpeg 1024w, https:\/\/casteljaves.com\/wp-content\/uploads\/2020\/10\/MG_6859-300x200.jpeg 300w, https:\/\/casteljaves.com\/wp-content\/uploads\/2020\/10\/MG_6859-768x512.jpeg 768w\" sizes=\"auto, (max-width: 674px) 100vw, 674px\" \/><figcaption>Vista Sur del jard\u00edn<\/figcaption><\/figure>\n\n\n\n<figure class=\"wp-block-image\"><img loading=\"lazy\" decoding=\"async\" width=\"768\" height=\"1024\" src=\"http:\/\/casteljaves.com\/wp-content\/uploads\/2019\/12\/IMG_8308-e1576577877690-768x1024.jpg\" alt=\"\" class=\"wp-image-63\" srcset=\"https:\/\/casteljaves.com\/wp-content\/uploads\/2019\/12\/IMG_8308-e1576577877690-768x1024.jpg 768w, https:\/\/casteljaves.com\/wp-content\/uploads\/2019\/12\/IMG_8308-e1576577877690-225x300.jpg 225w\" sizes=\"auto, (max-width: 767px) 89vw, (max-width: 1000px) 54vw, (max-width: 1071px) 543px, 580px\" \/><figcaption>Vista Oeste del jard\u00edn<\/figcaption><\/figure>\n\n\n\n<p><strong>Medio ambiente<\/strong><\/p>\n\n\n\n<p><strong>Jard\u00edn&nbsp;<\/strong>: Un hermoso jard\u00edn rodea la villa con c\u00e9sped. El jard\u00edn est\u00e1 plantado con muchas especies de plantas ex\u00f3ticas. La propiedad se encuentra en una parcela de unas 10 \u00e1reas rodeada de muros.<\/p>\n\n\n\n<figure class=\"wp-block-image size-large\"><img loading=\"lazy\" decoding=\"async\" width=\"1024\" height=\"683\" src=\"http:\/\/casteljaves.com\/wp-content\/uploads\/2022\/05\/EXT-Voisin-ok-1024x683.jpeg\" alt=\"\" class=\"wp-image-278\" srcset=\"https:\/\/casteljaves.com\/wp-content\/uploads\/2022\/05\/EXT-Voisin-ok-1024x683.jpeg 1024w, https:\/\/casteljaves.com\/wp-content\/uploads\/2022\/05\/EXT-Voisin-ok-300x200.jpeg 300w, https:\/\/casteljaves.com\/wp-content\/uploads\/2022\/05\/EXT-Voisin-ok-768x512.jpeg 768w, https:\/\/casteljaves.com\/wp-content\/uploads\/2022\/05\/EXT-Voisin-ok-1536x1024.jpeg 1536w, https:\/\/casteljaves.com\/wp-content\/uploads\/2022\/05\/EXT-Voisin-ok-2048x1365.jpeg 2048w\" sizes=\"auto, (max-width: 767px) 89vw, (max-width: 1000px) 54vw, (max-width: 1071px) 543px, 580px\" \/><\/figure>\n\n\n\n<figure class=\"wp-block-image\"><img loading=\"lazy\" decoding=\"async\" width=\"1024\" height=\"768\" src=\"http:\/\/casteljaves.com\/wp-content\/uploads\/2019\/12\/IMG_0494-1024x768.jpg\" alt=\"\" class=\"wp-image-82\" srcset=\"https:\/\/casteljaves.com\/wp-content\/uploads\/2019\/12\/IMG_0494-1024x768.jpg 1024w, https:\/\/casteljaves.com\/wp-content\/uploads\/2019\/12\/IMG_0494-300x225.jpg 300w, https:\/\/casteljaves.com\/wp-content\/uploads\/2019\/12\/IMG_0494-768x576.jpg 768w\" sizes=\"auto, (max-width: 767px) 89vw, (max-width: 1000px) 54vw, (max-width: 1071px) 543px, 580px\" \/><figcaption>Cala del Moraig<\/figcaption><\/figure>\n\n\n\n<figure class=\"wp-block-image\"><img loading=\"lazy\" decoding=\"async\" width=\"1024\" height=\"768\" src=\"http:\/\/casteljaves.com\/wp-content\/uploads\/2019\/12\/IMG_6147-1024x768.jpg\" alt=\"\" class=\"wp-image-83\" srcset=\"https:\/\/casteljaves.com\/wp-content\/uploads\/2019\/12\/IMG_6147-1024x768.jpg 1024w, https:\/\/casteljaves.com\/wp-content\/uploads\/2019\/12\/IMG_6147-300x225.jpg 300w, https:\/\/casteljaves.com\/wp-content\/uploads\/2019\/12\/IMG_6147-768x576.jpg 768w\" sizes=\"auto, (max-width: 767px) 89vw, (max-width: 1000px) 54vw, (max-width: 1071px) 543px, 580px\" \/><figcaption>La vida es chula<\/figcaption><\/figure>\n\n\n\n<figure class=\"wp-block-image\"><img loading=\"lazy\" decoding=\"async\" width=\"1024\" height=\"768\" src=\"http:\/\/casteljaves.com\/wp-content\/uploads\/2019\/12\/IMG_7455-1024x768.jpg\" alt=\"\" class=\"wp-image-85\" srcset=\"https:\/\/casteljaves.com\/wp-content\/uploads\/2019\/12\/IMG_7455-1024x768.jpg 1024w, https:\/\/casteljaves.com\/wp-content\/uploads\/2019\/12\/IMG_7455-300x225.jpg 300w, https:\/\/casteljaves.com\/wp-content\/uploads\/2019\/12\/IMG_7455-768x576.jpg 768w\" sizes=\"auto, (max-width: 767px) 89vw, (max-width: 1000px) 54vw, (max-width: 1071px) 543px, 580px\" \/><figcaption>La Cumbre del Sol<\/figcaption><\/figure>\n\n\n\n<figure class=\"wp-block-image size-large\"><img loading=\"lazy\" decoding=\"async\" width=\"1024\" height=\"766\" src=\"http:\/\/casteljaves.com\/wp-content\/uploads\/2020\/11\/Carte-Cumbre-1-1024x766.jpg\" alt=\"\" class=\"wp-image-169\" srcset=\"https:\/\/casteljaves.com\/wp-content\/uploads\/2020\/11\/Carte-Cumbre-1-1024x766.jpg 1024w, https:\/\/casteljaves.com\/wp-content\/uploads\/2020\/11\/Carte-Cumbre-1-300x224.jpg 300w, https:\/\/casteljaves.com\/wp-content\/uploads\/2020\/11\/Carte-Cumbre-1-768x574.jpg 768w, https:\/\/casteljaves.com\/wp-content\/uploads\/2020\/11\/Carte-Cumbre-1.jpg 1332w\" sizes=\"auto, (max-width: 767px) 89vw, (max-width: 1000px) 54vw, (max-width: 1071px) 543px, 580px\" \/><\/figure>\n\n\n\n<figure class=\"wp-block-image size-large\"><img loading=\"lazy\" decoding=\"async\" width=\"1024\" height=\"780\" src=\"http:\/\/casteljaves.com\/wp-content\/uploads\/2022\/05\/Carte-cumbre-del-Sol-1024x780.jpg\" alt=\"\" class=\"wp-image-297\" srcset=\"https:\/\/casteljaves.com\/wp-content\/uploads\/2022\/05\/Carte-cumbre-del-Sol-1024x780.jpg 1024w, https:\/\/casteljaves.com\/wp-content\/uploads\/2022\/05\/Carte-cumbre-del-Sol-300x229.jpg 300w, https:\/\/casteljaves.com\/wp-content\/uploads\/2022\/05\/Carte-cumbre-del-Sol-768x585.jpg 768w, https:\/\/casteljaves.com\/wp-content\/uploads\/2022\/05\/Carte-cumbre-del-Sol-1536x1171.jpg 1536w, https:\/\/casteljaves.com\/wp-content\/uploads\/2022\/05\/Carte-cumbre-del-Sol.jpg 1757w\" sizes=\"auto, (max-width: 767px) 89vw, (max-width: 1000px) 54vw, (max-width: 1071px) 543px, 580px\" \/><\/figure>\n","protected":false},"excerpt":{"rendered":"<p>Castel JAVES es una villa de estilo finca espa\u00f1ola, situada en el borde de la reserva natural del Parque de la Granadella, en la Urbanizaci\u00f3n de la Cumbre del Sol, que se encuentra en las alturas de Benitachell entre Javea y Moraira, en la provincia de Alicante. La Villa de cuatro frentes est\u00e1 enteramente en &hellip; <\/p>\n<p class=\"link-more\"><a href=\"https:\/\/casteljaves.com\/index.php\/presentacion\/\" class=\"more-link\">Continuer la lecture<span class=\"screen-reader-text\"> de &laquo;&nbsp;Presentaci\u00f3n&nbsp;&raquo;<\/span><\/a><\/p>\n","protected":false},"author":1,"featured_media":0,"parent":0,"menu_order":0,"comment_status":"closed","ping_status":"closed","template":"","meta":{"footnotes":""},"class_list":["post-198","page","type-page","status-publish","hentry"],"_links":{"self":[{"href":"https:\/\/casteljaves.com\/index.php\/wp-json\/wp\/v2\/pages\/198","targetHints":{"allow":["GET"]}}],"collection":[{"href":"https:\/\/casteljaves.com\/index.php\/wp-json\/wp\/v2\/pages"}],"about":[{"href":"https:\/\/casteljaves.com\/index.php\/wp-json\/wp\/v2\/types\/page"}],"author":[{"embeddable":true,"href":"https:\/\/casteljaves.com\/index.php\/wp-json\/wp\/v2\/users\/1"}],"replies":[{"embeddable":true,"href":"https:\/\/casteljaves.com\/index.php\/wp-json\/wp\/v2\/comments?post=198"}],"version-history":[{"count":5,"href":"https:\/\/casteljaves.com\/index.php\/wp-json\/wp\/v2\/pages\/198\/revisions"}],"predecessor-version":[{"id":318,"href":"https:\/\/casteljaves.com\/index.php\/wp-json\/wp\/v2\/pages\/198\/revisions\/318"}],"wp:attachment":[{"href":"https:\/\/casteljaves.com\/index.php\/wp-json\/wp\/v2\/media?parent=198"}],"curies":[{"name":"wp","href":"https:\/\/api.w.org\/{rel}","templated":true}]}}